72e + 0?
172e
In base 7, what is 2 + 3233216?
3233221
In base 10, what is -5985 - 0?
-5985
In base 15, what is 4 - -2e181?
2e185
In base 5, what is 4 + -22121021?
-22121012
In base 6, what is -3302513 + 5?
-3302504
In base 15, what is 21 + -178a?
-1769
In base 5, what is 3 + -104021332?
-104021324
In base 9, what is -30 - 106752?
-106782
In base 7, what is -116 - -10652?
10533
In base 10, what is 6 + 388975?
388981
In base 15, what is -205 - 93?
-298
In base 7, what is 4 + 320400?
320404
In base 4, what is -12012301 - 10?
-12012311
In base 10, what is -1221 + 562?
-659
In base 3, what is 21 + 12001222?
12002020
In base 15, what is -4307 - -a?
-42ec
In base 2, what is -100010101011 + -10010?
-100010111101
In base 7, what is 522156 + -5?
522151
In base 14, what is -6451 - a?
-645b
In base 9, what is -852 - -136?
-715
In base 15, what is 22d - -ca?
308
In base 5, what is -344 + -12243?
-13142
In base 4, what is -22 + -211101?
-211123
In base 15, what is -c - -a8?
9b
In base 16, what is 11 - 115f7?
-115e6
In base 9, what is -60080 - 14?
-60104
In base 7, what is -352 - 33123?
-33505
In base 16, what is 9 + c20?
c29
In base 11, what is 7809 - -7?
7815
In base 4, what is 2132 - 330?
1202
In base 5, what is -10302220 + 11?
-10302204
In base 16, what is -1 + 221ce?
221cd
In base 15, what is -4 - 11106?
-1110a
In base 6, what is 245 - -23145?
23434
In base 5, what is -321304 - -313?
-320441
In base 6, what is 3101 + -5?
3052
In base 11, what is -a42 + 152?
-8a0
In base 8, what is 4375 + 120?
4515
In base 2, what is 10101 - 11010111100011100?
-11010111100000111
In base 4, what is -11 - 10130122?
-10130133
In base 16, what is 4 + 487?
48b
In base 16, what is -112 + 12d?
1b
In base 6, what is -50334 - -20?
-50314
In base 3, what is 222 - -11100210212?
11100211211
In base 14, what is 79bd2 - 8?
79bc8
In base 6, what is 55124033 + -3?
55124030
In base 7, what is -11 + -6135?
-6146
In base 7, what is 163165 - -1?
163166
In base 3, what is 10220 - 1200011001?
-1200000011
In base 13, what is 21 - -2091?
20b2
In base 14, what is -841301 - 2?
-841303
In base 8, what is -1375 - -545?
-630
In base 2, what is 1010011110010110 - 1?
1010011110010101
In base 2, what is -100011111110010 - 0?
-100011111110010
In base 16, what is -85832 - -4?
-8582e
In base 8, what is -7443 - 251?
-7714
In base 13, what is 2 - -14c46?
14c48
In base 8, what is 0 - 13032?
-13032
In base 2, what is -11101 + 1000111101?
1000100000
In base 11, what is 1 - 24549?
-24548
In base 9, what is 1833504 + 2?
1833506
In base 15, what is -12 - -95a99?
95a87
In base 10, what is -2931 + 12?
-2919
In base 13, what is 1625 - 121?
1504
In base 16, what is -1691d - -3?
-1691a
In base 7, what is 15603 - -5?
15611
In base 8, what is 121444 - -4?
121450
In base 10, what is -12923749 + 0?
-12923749
In base 9, what is -1 + -17768?
-17770
In base 7, what is -662 - 40165?
-41160
In base 16, what is -b4 + 1e7c?
1dc8
In base 14, what is 11b655 + 1?
11b656
In base 6, what is -2225 - 410?
-3035
In base 13, what is 97 + -6c97?
-6c00
In base 13, what is -4 + -21181?
-21185
In base 8, what is 55562 - -5?
55567
In base 2, what is -10 - 101110001111?
-101110010001
In base 6, what is 202 - 205?
-3
In base 11, what is -17 + 1440?
1424
In base 7, what is -3 + -663342?
-663345
In base 13, what is 8 + -55b12?
-55b07
In base 10, what is 32 - -1474?
1506
In base 11, what is -490 - 2279?
-2759
In base 7, what is -316 + -2346?
-2665
In base 12, what is 1 - 315b?
-315a
In base 6, what is 311502 + -1?
311501
In base 5, what is 2312123 - 31?
2312042
In base 2, what is 10000111111111 + 101110?
10001000101101
In base 15, what is 5 - 2560d?
-25608
In base 5, what is 10 + -434231?
-434221
In base 3, what is -120100011 - 102?
-120100120
In base 12, what is 57773 - 5?
5776a
In base 12, what is -2330 - 4?
-2334
In base 10, what is 1 + 114458?
114459
In base 7, what is -223 + -1062?
-1315
In base 6, what is -35241 - -42?
-35155
In base 8, what is 317757 + -1?
317756
In base 11, what is 3514 + 74?
3588
In base 7, what is 6 + -41254?
-41245
In base 5, what is -2 + -140310?
-140312
In base 10, what is -419 + -370?
-789
In base 9, what is 300324 + -53?
300261
In base 7, what is -3 + -14643666?
-14644002
In base 11, what is -779a9 - -5?
-779a4
In base 5, what is -4431021 + 101?
-4430420
In base 15, what is -270dc - -3?
-270d9
In base 11, what is 2 - 10436aa?
-10436a8
In base 3, what is -1011 - 1101102020?
-1101110101
In base 7, what is 24 + -40200?
-40143
In base 10, what is -35 - -4480?
4445
In base 13, what is 2 - 13233?
-13231
In base 5, what is -4 + -121300202?
-121300211
In base 14, what is -5 + 1b6108?
1b6103
In base 8, what is -150 + 561?
411
In base 4, what is 131332 - -21122?
213120
In base 13, what is 87a4 + -a?
8797
In base 9, what is -5 + 1113353?
1113347
In base 8, what is -3 - 56736?
-56741
In base 12, what is -992b + 76?
-9875
In base 13, what is 19a + -224?
-57
In base 4, what is -10 + 21110123?
21110113
In base 11, what is 17 + -7910?
-78a4
In base 9, what is 4 - 472810?
-472805
In base 16, what is -1c7 + -34b?
-512
In base 7, what is -11 + -152043?
-152054
In base 7, what is -24415551 + -2?
-24415553
In base 13, what is -14cb1 + -5?
-14cb6
In base 7, what is 3651 - 46?
3602
In base 9, what is -1063 - -14?
-1048
In base 3, what is -22202 + -212?
-100121
In base 7, what is -25354511 - -4?
-25354504
In base 3, what is -201102 + -1100?
-202202
In base 9, what is 20657 - 46?
20611
In base 7, what is 1 + -654454?
-654453
In base 14, what is -2 + -209a?
-209c
In base 16, what is -5 + 11565?
11560
In base 11, what is 45 + 860?
8a5
In base 6, what is 2215 - -32?
2251
In base 6, what is -2454 + -11215?
-14113
In base 3, what is -1011 + 1201211?
1200200
In base 14, what is -3 - -498c?
4989
In base 8, what is 3327 + -10?
3317
In base 14, what is 10d - 4a?
a3
In base 9, what is 10 + 1470213?
1470223
In base 4, what is -10 + -11023233?
-11023303
In base 15, what is -668 - -63?
-605
In base 10, what is 1 + 3765?
3766
In base 3, what is -121002211201011 + 10?
-121002211201001
In base 4, what is 21321 + -111021?
-23100
In base 7, what is -4 - 4511345?
-4511352
In base 11, what is a3 + 754?
847
In base 15, what is -2 - 684d?
-6850
In base 12, what is 502b7 + -1?
502b6
In base 8, what is 4 + -56464?
-56460
In base 15, what is 54 + -6b1?
-65c
In base 2, what is 111 + 11011001010010001?
11011001010011000
In base 5, what is 14 + -11303421?
-11303402
In base 11, what is 395 + 86?
470
In base 7, what is 345234 + -1?
345233
In base 2, what is 111100000110100101 + -10?
111100000110100011
In base 2, what is -1100 - 1110111100000?
-1110111101100
In base 13, what is -1 - 2991?
-2992
In base 7, what is -36 + 10632?
10563
In base 6, what is 10244104 - -1?
10244105
In base 14, what is -1 - 134b9?
-134ba
In base 10, what is 55 - -225?
280
In base 2, what is 1000001010111111 + -110101?
1000001010001010
In base 8, what is 4 - 315026?
-315022
In base 10, what is 68835 - -1?
68836
In base 4, what is -1020230 - 333?
-1021223
In base 11, what is -68 + -400?
-468
In base 11, what is -4943 + 180?
-4773
In base 2, what is 101 - -10111010011001001101?
10111010011001010010
In base 14, what is 1 - 272bc?
-272bb
In base 9, what is 82665 - -11?
82676
In base 13, what is 189 - -cb?
287
In base 15, what is 8 + 652?
65a
In base 16, what is -1f + 9b73?
9b54
In base 12, what is 1619 + 3?
1620
In base 6, what is -342251 - 11?
-342302
In base 2, what is -10101011011 - -111?
-10101010100
In base 7, what is -5 - 215134?
-215142
In base 4, what is -122 + -31101031?
-31101213
In base 5, what is 2400321230 - -1?
2400321231
In base 8, what is 316377 + 1?
316400
In base 16, what is -18 - b?
-23
In base 9, what is -2 - 735?
-737
In base 2, what is 101001110111000011 + 1?
101001110111000100
In base 7, what is -23 + 250?
224
In base 6, what is -310523 + 50?
-310433
In base 3, what is -22221 + 10000?
-12221
In base 10, what is 2414 + 278?
2692
In base 15, what is 9174 - -14?
9188
In base 8, what is 3 + 24307?
24312
In base 6, what is 10343143 + 2?
10343145
In base 13, what is 4 - 2229a?
-22296
In base 16, what is 129f6 - -18?
12a0e
In base 10, what is -20111 + 5?
-20106
In base 15, what is 1ba + e4d?
1118
In base 11, what is -270 + -1232?
-14a2
In base 3, what is 101120 - -22222112?
100101